{"id":53,"date":"2015-11-21T14:13:58","date_gmt":"2015-11-21T14:13:58","guid":{"rendered":"http:\/\/museipiemonte.cultura.gov.it\/?page_id=53"},"modified":"2024-01-11T12:33:47","modified_gmt":"2024-01-11T11:33:47","slug":"castello-di-racconigi","status":"publish","type":"page","link":"https:\/\/museipiemonte.cultura.gov.it\/index.php\/musei-e-luoghi-della-cultura\/castello-di-racconigi\/","title":{"rendered":"Castello di Racconigi"},"content":{"rendered":"<p style=\"text-align: center;\"><strong>Storia<\/strong> \u00a0 \u00a0| \u00a0 \u00a0<a href=\"http:\/\/museipiemonte.cultura.gov.it\/index.php\/musei-e-luoghi-della-cultura\/castello-di-racconigi\/visita-il-castello-di-racconigi\/\">Visita il Castello di Racconigi<\/a>\u00a0 \u00a0 | \u00a0 \u00a0<a href=\"http:\/\/museipiemonte.cultura.gov.it\/index.php\/musei-e-luoghi-della-cultura\/castello-di-racconigi\/castello-di-racconigi-immagini-e-video\/\">Immagini e video<\/a> \u00a0 \u00a0| \u00a0 \u00a0<a href=\"http:\/\/museipiemonte.cultura.gov.it\/index.php\/musei-e-luoghi-della-cultura\/castello-di-racconigi\/castello-di-racconigi-staff\/\">Staff<\/a> \u00a0 \u00a0| \u00a0 \u00a0<a href=\"http:\/\/museipiemonte.cultura.gov.it\/index.php\/musei-e-luoghi-della-cultura\/castello-di-racconigi\/castello-di-racconigi-contatti\/\">Contatti<\/a>\u00a0 \u00a0 | \u00a0 \u00a0<a href=\"http:\/\/museipiemonte.cultura.gov.it\/index.php\/category\/castello-di-racconigi\/\">News<\/a>\u00a0\u00a0 \u00a0 |\u00a0 \u00a0\u00a0<a href=\"http:\/\/museipiemonte.cultura.gov.it\/?p=6061\">Offerta formativa<\/a><\/p>\n<p style=\"text-align: center;\"><img loading=\"lazy\" decoding=\"async\" class=\"alignnone size-full wp-image-164\" src=\"http:\/\/museipiemonte.cultura.gov.it\/wp-content\/uploads\/2015\/11\/hr2.png\" alt=\"hr2\" width=\"164\" height=\"50\" \/><\/p>\n<p style=\"text-align: left;\"><strong><em>Storia<\/em><\/strong><\/p>\n<p>Fondato intorno all\u2019XI secolo come casaforte nella Marca di Torino, il castello di Racconigi pass\u00f2 successivamente ai marchesi di Saluzzo e poi ai Savoia. L\u2019originaria struttura fortificata con torri angolari fu trasformata nel corso del XVII secolo: nel 1670, in concomitanza con l\u2019elevazione del castello a residenza dei Savoia-Carignano, Andr\u00e9 Le N\u00f4tre progett\u00f2 il giardino; nel 1676 Guarino Guarini intraprese una globale ristrutturazione dell\u2019edificio, mai portata a termine. A partire dal 1755 i lavori furono ripresi dall\u2019architetto Giambattista Borra per volont\u00e0 del principe Luigi di Savoia-Carignano: a questa fase risalgono i padiglioni sul prospetto principale, il grande pronao di accesso, il salone caratterizzato dalla cosiddetta \u201cloggia dei musici\u201d, la sala di Diana e i gabinetti cinesi. Ma \u00e8 con l\u2019ascesa al trono di Carlo Alberto, principe di Carignano, che la residenza assunse il suo aspetto odierno: nel 1820 il giardiniere tedesco Xavier Kurten ridisegn\u00f2 gli spazi verdi, mentre la decorazione e il riallestimento degli interni furono affidati all\u2019architetto Pelagio Palagi, il cui gusto tra neoclassico ed eclettico \u00e8 ben rappresentato da un ambiente di singolare fascino come il Gabinetto Etrusco. Contemporaneamente furono costruiti, ai margini del parco, gli edifici di servizio in stile neogotico delle Serre e della Margaria, destinata alla gestione agricola del territorio di pertinenza del castello. Col trasferimento della capitale da Torino a Firenze (1865) e poi a Roma (1871), i reali persero progressivamente interesse per il castello, almeno sino ai primi anni del XX secolo, quando il re Vittorio Emanuele III la elesse di nuovo a sede di villeggiatura. Il castello fu acquistato nel 1980 dallo Stato italiano.<\/p>\n<p>I sontuosi appartamenti sono testimonianza delle pi\u00f9 significative fasi di trasformazione che il castello sub\u00ec a partire dal XVII secolo e sino all\u2019inizio del XX: stucchi, affreschi e arredi costituiscono un rilevante panorama del mutare del gusto della corte nel corso di circa quattrocento anni. I giardini e il parco mantengono intatto l\u2019assetto ottocentesco, caratterizzato da un impianto di matrice romantica con corsi d\u2019acqua, laghetti, grotte e monumenti.<\/p>\n<p>&nbsp;<\/p>\n<p><img loading=\"lazy\" decoding=\"async\" class=\"aligncenter wp-image-10345\" src=\"http:\/\/museipiemonte.cultura.gov.it\/wp-content\/uploads\/2024\/01\/LOGO_unesco_png.png\" alt=\"\" width=\"151\" height=\"113\" srcset=\"https:\/\/museipiemonte.cultura.gov.it\/wp-content\/uploads\/2024\/01\/LOGO_unesco_png.png 300w, https:\/\/museipiemonte.cultura.gov.it\/wp-content\/uploads\/2024\/01\/LOGO_unesco_png-230x173.png 230w\" sizes=\"auto, (max-width: 151px) 100vw, 151px\" \/><\/p>\n","protected":false},"excerpt":{"rendered":"<p>Storia \u00a0 \u00a0| \u00a0 \u00a0Visita il Castello di Racconigi\u00a0 \u00a0 | \u00a0 \u00a0Immagini e video \u00a0 \u00a0| \u00a0 \u00a0Staff \u00a0 \u00a0| \u00a0 \u00a0Contatti\u00a0 \u00a0 | \u00a0 \u00a0News\u00a0\u00a0 \u00a0 |\u00a0 \u00a0\u00a0Offerta formativa Storia Fondato intorno all\u2019XI [&hellip;]<\/p>\n","protected":false},"author":1,"featured_media":0,"parent":41,"menu_order":0,"comment_status":"closed","ping_status":"closed","template":"page-templates\/page_fullwidth.php","meta":{"footnotes":""},"class_list":["post-53","page","type-page","status-publish","hentry"],"_links":{"self":[{"href":"https:\/\/museipiemonte.cultura.gov.it\/index.php\/wp-json\/wp\/v2\/pages\/53","targetHints":{"allow":["GET"]}}],"collection":[{"href":"https:\/\/museipiemonte.cultura.gov.it\/index.php\/wp-json\/wp\/v2\/pages"}],"about":[{"href":"https:\/\/museipiemonte.cultura.gov.it\/index.php\/wp-json\/wp\/v2\/types\/page"}],"author":[{"embeddable":true,"href":"https:\/\/museipiemonte.cultura.gov.it\/index.php\/wp-json\/wp\/v2\/users\/1"}],"replies":[{"embeddable":true,"href":"https:\/\/museipiemonte.cultura.gov.it\/index.php\/wp-json\/wp\/v2\/comments?post=53"}],"version-history":[{"count":16,"href":"https:\/\/museipiemonte.cultura.gov.it\/index.php\/wp-json\/wp\/v2\/pages\/53\/revisions"}],"predecessor-version":[{"id":10350,"href":"https:\/\/museipiemonte.cultura.gov.it\/index.php\/wp-json\/wp\/v2\/pages\/53\/revisions\/10350"}],"up":[{"embeddable":true,"href":"https:\/\/museipiemonte.cultura.gov.it\/index.php\/wp-json\/wp\/v2\/pages\/41"}],"wp:attachment":[{"href":"https:\/\/museipiemonte.cultura.gov.it\/index.php\/wp-json\/wp\/v2\/media?parent=53"}],"curies":[{"name":"wp","href":"https:\/\/api.w.org\/{rel}","templated":true}]}}